pose 0 = -2711*i + 2715*i + 13 + 15. Determine l(i).
-20
Let l = 498 + -213. Let n = 292 - l. Let q(x) = -x + 6. What is q(n)?
-1
Let h(b) be the first derivative of -b**4/24 + 5*b**3/3 + 8*b**2 + 125. Let q(x) be the second derivative of h(x). Give q(15).
-5
Suppose -8*x = 1572 + 4060. Let u = x + 704. Let w(o) = -o + 27. Give w(u).
27
Let i(k) = -81*k**2 + 5*k - 1. Let d = 9375 - 9374. Give i(d).
-77
Suppose -r + 178 = 5*f, 5*f + 0*r + 6*r = 168. Let d(s) = -2*s + 65. Determine d(f).
-7
Let w(g) = g**2 - 8*g + 7. Let m be w(5). Let l = 184 + -169. Let d(h) = 13*h - 10 - 14*h**3 + 30*h**3 + 9*h**2 - 4*h - l*h**3. What is d(m)?
-18
Suppose -3*j = -h + 16 - 40, 4*j = -2*h + 22. Suppose -10 = -5*a + j*a. Let r(i) = 3*i - 7. Let u(g) = -g + 3. Let m(v) = 2*r(v) + 5*u(v). Determine m(a).
-4
Let c(o) = -5*o + 4. Let w = 761 - 757. Suppose -4*f - 24*h + 12 = -26*h, 0 = -f - w*h + 21. Calculate c(f).
-21
Let g(x) = -45*x + 42. Let w(p) = -8*p + 8. Let j(i) = -g(i) + 6*w(i). Let o be 2 + -1 + -2 - -5. Calculate j(o).
-6
Let w be (-9 + 10)/(-5 - (-224)/44). Let k(c) = c**3 - 12*c**2 + 11*c - 14. Give k(w).
-14
Let g(j) be the second derivative of -j**3/6 - 6*j**2 - 60*j. Suppose 3*b - 5*n = 8*b + 70, -n - 3 = 0. Calculate g(b).
-1
Let g(t) = -3*t - 112 + 374 - 99 + 11*t - 93. What is g(-5)?
30
Let h(o) be the second derivative of 0 - 7/6*o**3 - 1/12*o**4 - 5/2*o**2 + 16*o. Give h(-4).
7
Let z(f) = 50*f - 54. Let w be z(3). Let v(t) = -t - w + 50 + 43. What is v(0)?
-3
Let x(g) = g**2 - 10*g. Suppose 10*t = 15*t - 4*b + 1681, -2*b = 2*t + 658. Let n = -325 - t. Give x(n).
-16
Let d(k) = 16*k + 23*k**3 - 8*k**2 - 11*k**3 - 11*k**3 - 3. Let m be d(5). Let w(p) = 98*p + p**3 - 4*p**2 - 45*p + m - 52*p. Determine w(3).
-4
Let y(k) = k**2 + 3*k - 2. Suppose -3*j + 3*q - 174 = 0, -2*q - 255 = 9*j - 4*j. Let u = j - -57. Suppose u*m = 10*m + 30. What is y(m)?
8
Let q = -26 - -103. Let t(w) = -3 - 6 + q*w - 37*w - 38*w. Calculate t(9).
9
Suppose 2*j = -5*o - 32, 24 - 26 = o - 4*j. Let v(k) = -5*k**3 - 31*k**2 - 7*k + 2. Give v(o).
8
Let a = 22997 - 22990. Let c(y) = -y**3 + 6*y**2 + 11*y - 5. Calculate c(a).
23
Let x(u) = -126 - 88 - u**3 - 92 + 4*u + 311. Let w be (0 + 4/(-6))*3. Give x(w).
5
Let c(k) = 2*k - 12. Let b = 7947 + -7947. Calculate c(b).
-12
Let q(v) = v**2 - 10*v - 7. Let a(u) = -2*u - 1. Let j(k) = -2*a(k) + q(k). Suppose -i - i + 5*p = 24, -48 = 4*i - 4*p. Let c be (-63)/i - (-1)/(-4). Give j(c).
-10
Let x(d) = 8*d - d**2 + 0*d**2 + 6 + 0*d**2 + 2. Let v be (-2 - -1)*38 - 1. Let q be ((-104)/v)/(2/6). Give x(q).
8
Let q(d) = 2*d**2 - 646*d - 4619. Let h be q(330). Suppose 6*s - 2*s = 0. Let n(w) = 0 + s - 17*w**2. Give n(h).
-17
Let s(k) = -k + 2. Suppose -9 - 6 = -5*i. Suppose 2*n = 3*n - 5*x + 21, -2*n - i*x = -23. Suppose -3*t = -2*y + n - 20, -5*y - 2 = 2*t. What is s(t)?
-2
Suppose 0 = -2*n - 3*y + 22, -4*n + 5*y - 406 = -450. Let i(h) = h - 14. Determine i(n).
-3
Let v(w) = w**2 - w + 1. Let p(q) = -2*q + 5. Let h(z) = -p(z) + 3*v(z). Let g = -9695 - -9697. Give h(g).
8
Let s(q) = -89*q**2 - 9*q + 10. Let g(v) = -163*v**2 - 18*v + 19. Let h(j) = 6*g(j) - 11*s(j). Suppose -a + u + 13 = 0, -3 = 2*a - u - 24. Determine h(a).
-4
Let p(h) = -13*h - 103. Suppose 10*n + 20*n + 240 = 0. Let d be p(n). Let y(u) = -20*u - 1. Give y(d).
-21
Let o(z) = 18*z + 41 - 30 + 12*z - 24. What is o(-4)?
-133
Let p(t) = t**2 - 11*t - 15. Let s(k) = -k**3 - 19*k**2 - 17*k + 32. Let q be s(-18). Suppose -4*i + 42 = 2*j, -2*j - 10*i + 2 = -q*i. Determine p(j).
-15
Let i(r) = 7*r - 10. Let b(n) = -3*n + 5. Let o(h) = -9*b(h) - 4*i(h). Let l(q) = 31*q - 286. Let v be l(-20). Let d = v - -897. What is o(d)?
4
Let t(a) = -55*a - 329. Let p = 15988 - 15994. What is t(p)?
1
Let d(u) = -u**2 + 2*u + 1. Let q(f) = -f - 1. Let t(x) = -d(x) + 2*q(x). Let z(c) = -c**3 + 4*c**2 + 7*c - 25. Let g be z(3). Give t(g).
2
Suppose -9*m = -4*m + 135. Let g be (-72)/m - 1/(-3). Let z(l) be the first derivative of l**2 + 2*l + 2. What is z(g)?
8
Let x = 2556 - 2526. Let g(a) = a**3 - 32*a**2 + 59*a + 34. Calculate g(x).
4
Let u(a) = a**3 - 2*a**2 - 7*a - 24. Let o be u(5). Let i be o/(3/(-9)*6). Let k(d) = -3 + d - 4 + 3. What is k(i)?
-12
Let k(x) = 3*x + 54. Let n(c) = 2*c + 27. Let y(o) = -6*k(o) + 10*n(o). Let s = -45 - -69. Let v be y(s). Let q(h) = -h**3 - 7*h**2 - 6*h. Determine q(v).
0
Suppose 13*h + 145 - 171 = 0. Let q(n) = -n**3 - n**2 + 2*n + 3. Let m be q(-2). Let r(a) = m*a**2 - h*a**2 + 6 - 1 + 5*a. Calculate r(-5).
5
Let f(y) be the third derivative of -y**4/6 - 65*y**3/6 - 7*y**2 + 137*y. Determine f(-18).
7
Let l be 10/5 + 1 - -3. Let q(p) = -30*p + 7*p + 13*p + 13*p - l. Give q(-7).
-27
Let o(r) be the first derivative of r**3/3 + 9*r**2/2 - 10*r + 7. Calculate o(-9).
-10
Let r(b) be the second derivative of 4/3*b**3 - 1 + 0*b**2 + b. Calculate r(1).
8
Let r(b) be the third derivative of -b**4/6 - 67*b**3/6 - 566*b**2. Determine r(-17).
1
Let m be (8 + -3 - 3) + (117 - 2). Suppose m - 93 = -4*i. Let w(s) be the first derivative of -s**4/4 - 5*s**3/3 + 3*s**2 + 4*s + 3. What is w(i)?
4
Let i(z) be the second derivative of z**4/12 + 5*z**3/6 + 3*z**2 + 12*z - 5. Determine i(-1).
2
Let t = -6591 + 6601. Let s(d) = -d**2 + 5*d - 4. Calculate s(t).
-54
Let l(s) = 19*s + 111. Let a(r) = -15*r - 102. Let o(p) = -6*a(p) - 5*l(p). What is o(11)?
2
Suppose -f - 5*n - 45 = -53, f = 3*n - 16. Let u(c) = 6*c**2 + 39*c - 28. Calculate u(f).
-7
Let r(l) = 3*l + l**2 - 4*l + 2*l**3 - 2 + 3*l**2. Let s(b) = 6*b**2 - 6*b - 3. Let q be s(4). Let n = -72 + q. Calculate r(n).
-17
Let r(u) = 35 + 5*u + 19*u + 31134*u**2 - 31133*u**2. What is r(-23)?
12
Let k(n) = 2*n**2 - 26*n - 24. Let i = -5445 + 5459. What is k(i)?
4
Let i(t) = 29*t + 47. Let n(f) = 6*f + 7. Let l(y) = i(y) - 5*n(y). Calculate l(10).
2
Let l(m) = -2*m + 20. Let z be l(9). Let c(u) = -67 - u + 0*u + u**3 + 64. Calculate c(z).
3
Let a(w) = 208*w - 3*w**2 - w**2 - 222*w + 6. Let j(u) = u**2 + u. Let k(l) = a(l) + 5*j(l). Determine k(7).
-8
Let u(c) = -2*c + 3. Let o(y) = 4*y**2 - 1. Let p be o(1). Suppose -p*v = 1 - 13. Let s(b) = b - 2. Let x(r) = v*s(r) + 3*u(r). Determine x(-1).
3
Let t(c) = -3206 - 4*c + 1624 + 1598. What is t(-4)?
32
Let f(x) = 5*x**2 + 5*x - 6. Let u(c) = c**2 + c - 1. Let v(h) = -f(h) + 6*u(h). Let s be 30/10*2/(-3). Let r be s/6*(-6 - -15). Give v(r).
6
Let a(j) = 25 + 24310*j + 24328*j - 48641*j. Calculate a(15).
-20
Let w(y) = -11*y**2 - 250*y + 69. Let v(p) = 6*p**2 + 139*p - 35. Let k(q) = -9*v(q) - 5*w(q). Give k(-5).
0
Let d(f) = 2*f**3 + 7*f**2 + 2*f + 65. Let z(x) = 3*x**3 + 10*x**2 + 2*x + 65. Let t(b) = -4*d(b) + 3*z(b). What is t(0)?
-65
Let d be (3/(-2))/((-69)/1840). Let z be 20/d - ((-10)/4 - 0). Let m(j) = -12 - 3*j**2 + 18 - j + j**z - 6. What is m(3)?
-3
Let o(r) be the second derivative of 1/6*r**3 + 0 - 2*r**2 - 90*r. What is o(5)?
1
Let d(y) be the first derivative of -y**2/2 - 36*y - 3055. What is d(-20)?
-16
Suppose -177 = -2*q - 2*t + 5*t, 5*t - 275 = -3*q. Suppose -16*j + 6*j = -q. Let s(o) = o**3 - 8*o**2 - 10*o + 3. Give s(j).
-6
Let f(c) = c**2 - 11*c + 7. Let d be 13 - 10/6*120/50. Calculate f(d).
-11
Let i(s) = -s**2 + s - 18. Suppose 0*n - 84 = 6*n. Let a be 50/n + 32/56. Let u be -1 - (-3 - a) - -1. Determine i(u).
-18
Let x = -113 + 143. Suppose x*c - 145 = c. Let p(k) = k**3 - 3*k**2 - 12*k + 10. Determine p(c).
0
Suppose -19*m - d - 149 = -23*m, 5*d + 121 = 4*m. Let t(g) = -g**2 + 45*g - 233. Calculate t(m).
1
Let p(b) = 67*b - 805. Suppose -w + 17 = u - 6*u, -29 = -2*w + 5*u. Determine p(w).
-1
Suppose 268*h + 423 + 249 - 136 = 0. Let l(r) = -4*r**3 - 4*r**2 - 3*r. Calculate l(h).
22
Suppose 8 = -4*o + a + 3*a, 0 = -4*o - 4*a - 8. Let m = 43 + -25. Let f(g) = -g - 14*g**2 + 28*g**2 - 2*g - 2 - m*g**2. Calculate f(o).
-12
Let f(m) = m**3 - 15*m**2 - 12*m - 73. Let u be f(17). Let v = -305 + u. Let k(r) = -r - 11 - 6*r - 2*r**2 + 5. Determine k(v).
-10
Let k(n) = 2*n + 21. Suppose -14*d = 5*o - 11*d - 39, 4*d = 2*o. Determine k(o).
33
Suppose 2 = 2*c + 2*z - 8, 4*c = z + 25. Suppose 2*h - 6*h - 5 = -s, -4*s = 2*h - 20. Let y(j) = 2*j**3 - 26*j**3 - 5 + s*j**2 + 5*j + 23*j**3. Give y(c).
-11
Let a(g) be the third derivative of -1/10*g**5 + 0*g - 1/8*g**4 + 1/